vative of -s**3/3 - 3*s**2/2 - 6. Calculate p(h).
0
Let a(z) = -2*z**2 + 7*z - 8. Let n(j) = -6*j**2 + 21*j - 23. Let f(q) = 11*a(q) - 4*n(q). Give f(4).
8
Let j(i) be the second derivative of -i**6/720 + i**4/4 + 4*i. Let s(t) be the third derivative of j(t). Let w(x) = -x - 2. Let o be w(-5). Calculate s(o).
-3
Let v(p) = 9*p. Let z = 81 + -80. Give v(z).
9
Let r(p) = p**2 + 4*p + 3. Suppose 3*g + 4*g = -35. Calculate r(g).
8
Let p(b) = 1 - 7 - 3*b + 0. Suppose 2*w + 10 = 4*w. Suppose -t = -w*t - 16. Calculate p(t).
6
Let k(f) = f**3 + 4*f**2 - 4*f - 2. Let b(h) = 2*h + 1. Let g be b(-3). Calculate k(g).
-7
Let g be 131 + (2 - (1 + 0)). Let i be g/28 + (-4)/(-14). Let j(f) = f - 5 + i. What is j(2)?
2
Let s(j) = j - 4 - 6*j**3 - 2*j - 4*j**2 + 7*j**3. Give s(5).
16
Let m(r) be the second derivative of -r**8/3360 - r**7/840 - r**6/240 - r**5/40 + r**4/12 - 3*r. Let n(k) be the third derivative of m(k). Calculate n(-2).
7
Let j(u) be the third derivative of 1/120*u**6 + 0 - 4*u**2 + 0*u - 1/12*u**5 - 1/12*u**4 + 2/3*u**3. Determine j(5).
-6
Let m(w) = w. Suppose -4*t + 20 = -4*v, -7 - 7 = -2*t + v. Let z = t - 11. Calculate m(z).
-2
Suppose -3*q = -0*q + 12. Let i(a) = -a - 1. Let f(x) = -3*x - 5. Let k(n) = q*i(n) + f(n). Determine k(2).
1
Let u(p) be the second derivative of 0 - 1/2*p**2 - 3*p - 1/12*p**4 + 1/6*p**3. What is u(2)?
-3
Let l be (0 - -3)/(2 + 1). Let p(c) = 8*c - 4. Let r(f) = -f**2 + 6*f + 8. Let u be r(7). Let i(n) = -n + 1. Let x(w) = u*p(w) + 4*i(w). What is x(l)?
4
Let b be (-16)/(-7) - (-24)/(-84). Suppose b = k + 3. Let w(h) = 5*h**2. Give w(k).
5
Let k(h) be the third derivative of -h**5/60 - 7*h**4/24 - h**3/3 + 16*h**2. Determine k(-3).
10
Suppose 5*k - 10 - 25 = 0. Let d(y) = -y**2 + 7*y + 6. Calculate d(k).
6
Suppose 3*o - 28 = o. Suppose 5*p + 1 = -o. Let v = p + -1. Let q(u) = u**2 + 4*u + 3. Calculate q(v).
3
Let r be 14/(6/4 + -1). Let y(k) = 22*k**3 + k**2 + k. Let i be y(-1). Let h be 7/r - i/8. Let o(d) = d**2 - 2*d + 4. What is o(h)?
7
Let n(x) be the second derivative of x**5/10 + x**4/4 + x**3/3 - x**2/2 + 2*x. What is n(-2)?
-9
Let f(a) = -a**2 + a + 5. Let m(n) = n**2 - 3*n - 4. Let s be m(3). Let t = s - -5. Let c = t + 3. Give f(c).
-7
Let a(t) = t**2 - 1. Let h(u) = 2*u**2 + u. Let z(b) = 3*a(b) - 2*h(b). Let k(s) be the first derivative of z(s). Give k(2).
-6
Let d(v) = -2*v**2 - 4*v. Let p be (2/8)/(3/12). Suppose -11 = 4*j + p. Give d(j).
-6
Let o(v) = 3*v**3 + v. Let u be (-3 - -2 - 1) + 2. Suppose -5*d + 2*h + 5 = 0, 3*h = -u*h. Let p be -8 + 5 + d*4. Calculate o(p).
4
Let o(z) = -z**2 - 6*z + 1. Let m(j) = j**2 + 14*j - 6. Let l be m(-14). What is o(l)?
1
Let f = -16 + 9. Let q(c) = -3*c**2 + 9*c + 15. Let n(s) = -2*s**2 + 11*s + 3*s - 2*s**2 + 22. Let r(a) = f*q(a) + 5*n(a). What is r(-4)?
-7
Let z(n) = -n**2 - 6*n - 4. Let j(p) be the first derivative of p**4 + p + 1. Let m be j(1). Suppose -5*q + 20 = 0, -m*y - 24 = 2*q - 7. What is z(y)?
1
Let h(o) = -o. Let d(s) = s + 8. Suppose 0*y + 4*y - 12 = 0. Let n be -9 - (-5 + -1 + y). Let m be d(n). Determine h(m).
-2
Let g(h) = 3*h - h**3 + 11*h**2 + 0*h**2 + 3 + 0*h**2 - 15*h. Let c(i) = 2*i**3 - 23*i**2 + 25*i - 5. Let w(a) = -4*c(a) - 9*g(a). What is w(6)?
5
Suppose 0 = -4*p - 6 - 10. Let h be (-1)/p + (-36)/16. Let k(f) = -f**3 - 3*f**2 - 2*f. Let c be k(h). Let w(s) = s**3 - s**2 - s - 4. Determine w(c).
-4
Let d(h) = -h**2 + h + 21. Let o be d(0). Suppose 0 = -4*b - 5 + o. Suppose 2*j - 4 = b*j. Let r(g) = g**3 + g**2 + 3*g + 3. What is r(j)?
-7
Let p(d) = -6*d**3 + 2*d**2 - 6*d - 5. Let n(y) = 5*y**3 - 2*y**2 + 5*y + 4. Let s(g) = -5*n(g) - 4*p(g). Let k = -5 + 3. Let v = -1 - k. What is s(v)?
0
Suppose 5*g - g = -24. Let t(p) = p + 5. Give t(g).
-1
Let q(d) = -333*d**2 - 3 + 1 + 2*d - 7*d + 334*d**2. What is q(4)?
-6
Let j(z) = 0*z**2 + 2*z - 3*z**2 - 3*z - z**3. What is j(-2)?
-2
Let q(g) = g**3 + 6*g**2 - 17*g - 6. Let y be q(-8). Let h(n) = -n**2 + n + 2. Determine h(y).
0
Let i = -10 + 13. Let n(a) = a**3 - 2*a + 5 - 2*a**2 + 0*a**i + 6*a**2. Give n(-5).
-10
Suppose -8 = -5*n + c, 0*n - 3*c = -3*n. Let i(w) = -3*w**2 + 2*w**2 + 5*w**n. Calculate i(1).
4
Let h(l) = 3*l + 7. Let a = 4 - 7. Let u be h(a). Let p(q) = -2*q**2 - 2*q + 2. Determine p(u).
-2
Let u = 9 + -5. Suppose 4*x - w = -3*w + 16, u*x = 3*w + 26. Suppose -3*y + 1 = -4*b, -x*b + 3 = y - 10. Let r(n) = -3*n - 1. Determine r(b).
-7
Let f(v) = v**2 - 2*v - 3. Let d be f(0). Let n be 1/((-1)/3) - d. Let x(a) = a + 1. Give x(n).
1
Let r(d) = 0*d**3 - d**3 + 5*d**2 - d + 3 + 0*d**3. Let y(t) = -14*t + 1. Let h be y(2). Let f be (-129)/(-27) - 6/h. What is r(f)?
-2
Let w(q) = -q**2 + 3*q. Let f = -19 + 21. Calculate w(f).
2
Suppose -2*j + 2 = -8. Let l(c) = -c**2 + 5*c - 5. Calculate l(j).
-5
Let q(u) = 1 + 0*u + 8 - 2*u. Let b = -187 - -193. Determine q(b).
-3
Let c(h) = 3*h - 3. Let n be c(3). Let j(o) = 1 + 9*o**2 + 0 - 10*o**2 + n*o + 1. Give j(6).
2
Let b(k) be the first derivative of 12*k**2 + k + 47. Calculate b(-1).
-23
Let z(i) = 3*i + 14. Let m(b) = 1. Let j(o) = 5*m(o) - z(o). Let f = 371 - 377. What is j(f)?
9
Let b(x) = x**2 + 11*x - 2. Let t = -101 + 90. What is b(t)?
-2
Let a = -3 - -4. Let f = -3 + a. Let z be (8/(-10))/(f/10). Let y(j) = 2*j - 5. Give y(z).
3
Let n be 186/(-24) + 1/(-4). Let s be 18/n + 1/4. Let v(q) be the third derivative of -q**4/24 - q**3/3 - q**2. Calculate v(s).
0
Let l(m) = m - 1. Let f = -3 + 4. Let g(b) = -2*b - 8. Let x(d) = f*g(d) - l(d). Calculate x(-5).
8
Let w(k) = -1 - 3*k + 0 + 2. Determine w(1).
-2
Let q(g) be the first derivative of -g**4/4 - 8*g**3/3 + 4*g**2 - 12*g + 42. Calculate q(-9).
-3
Let d(z) = 2*z**2 + 15*z - 11. Let f be d(-8). Let i(b) = b**2 + b. Give i(f).
6
Let z(b) = 2*b + 9. Suppose 3*o = f - 17, -4*o + 0*f - 28 = 4*f. Determine z(o).
-3
Suppose -m - 29 = -5*p, 3*p - 1 = -4*m - 2. Let t(o) = 7*o - p*o**2 - 7*o. Give t(1).
-5
Let u be 13/(-7) - (-1)/(-7). Let d(q) = q + 1. Let a(n) = -8*n - 5. Let i(w) = -a(w) - 2*d(w). Determine i(u).
-9
Let d(k) = -7*k**2 + k - 4. Let j(g) = 13*g**2 - g + 7. Let w(o) = -5*d(o) - 3*j(o). Suppose 6 = -0*x - 2*x. Let a be 3*(-1)/(-9)*x. Calculate w(a).
-3
Suppose 0 = 5*z - z + 16. Let k(q) = -q**2 - 9 - 2*q + 11 + 2*q**2 - 2*q**2. Calculate k(z).
-6
Let m(q) = -3*q + 9 + 3*q + 2*q. Calculate m(-6).
-3
Let f(u) = -u**2 + 7*u - 2. Suppose 23 = 7*q - 8*q. Let m = q - -28. Calculate f(m).
8
Let j(s) = -2*s + 7. Suppose 18 = 3*m - 0*m. Calculate j(m).
-5
Let w(z) = -9*z**3 + 17*z**2 + 5*z - 1. Let u(h) = -5*h**3 + 3*h + 5*h**2 - 1 - 3*h**2 + 7*h**2 + 0*h**2. Let l(q) = -7*u(q) + 4*w(q). Give l(5).
-2
Let h(k) = -k**2 + 4*k + 6. Let s be (-1)/(-1*(-2 - -3)). Let n = 4 + s. What is h(n)?
1
Suppose -5*k + 29 = -4*g + g, 3*k - 4*g - 24 = 0. Let d be (-2)/(1/(10/k)). Let c(n) = -n**2 - 7*n - 5. Calculate c(d).
5
Let s = 201 + -204. Let b(p) = p**2 + 2*p. Calculate b(s).
3
Let c = -80 - -78. Let n(m) = -3*m - 1. What is n(c)?
5
Let t be 3 - (-2 - 1*-2). Suppose -2*c = c + 5*o + 26, 0 = -t*c + o - 2. Let s be c/(-7) - 24/(-14). Let m(x) = x**3 - 4*x**2 + 4*x - 2. Calculate m(s).
-2
Let f(j) = -j**3 + 2*j**2 - 4*j + 3. Let a be f(2). Let s(v) = -v**2 + v. Let z(h) = -3*h**2 + 8*h - 6. Let y(n) = 4*s(n) - z(n). Determine y(a).
1
Let k(j) = 2*j**2 - 6*j - 6. Let o be (1 - 0)*(-6 + 1). Let n = 8 + o. Let l(d) = -d**2 + d + 1. Let q(y) = n*l(y) + k(y). What is q(-2)?
-1
Let j(c) = 2*c**3 - 3*c**2 - 8*c + 1. Let a(r) = -3*r**3 + 2*r**2 + 9*r - 2. Let z(w) = -3*a(w) - 4*j(w). Determine z(-4).
14
Let k(l) = -15*l**2 - l**3 - 19*l**2 + 43*l**2. Calculate k(9).
0
Let y(x) = -x**3 + 2*x**2 - 6*x - 3. Let b(m) = 2*m**2 - 5*m - 3. Let n(z) = 3*b(z) - 2*y(z). Calculate n(-2).
-5
Let v(l) = 5*l - 1. Let n be v(8). Suppose -5*j + n = 14. Let u(d) = -1 + j*d + 0 - 3*d. Give u(-1).
-3
Suppose v - 23 = -2*r + 7, -2*r + v + 26 = 0. Suppose f + y = -3*f - r, 2*f + 8 = -y. Let x(j) = 0*j + 1 + 3*j**2 + j - 2*j**2. Calculate x(f).
7
Let t(x) = -x. Let y be ((-2)/(-1))/((-3)/(-6)). Let z be (y/2 + -1)*-11. Let r = -6 - z. What is t(r)?
-5
Let n(b) = -b + 3. Let s(l) = -l + 3. Let c(h) = -6*n(h) + 5*s(h). Give c(6).
3
Let r = -70 - -74. Let q(g) = -g**2 + 4*g - 7. Calculate q(r).
-7
Let p be (1 - 0)*(-4 - 1). Le